- 4)*-1. What is the greatest common divisor of y and 81?
9
Let r = 32 + 10. Calculate the greatest common divisor of r and 28.
14
Let k be 4*(0 + 34/4). Calculate the highest common divisor of k and 238.
34
Let q(n) = -104*n - 1. Let w be q(1). Let p be (-1)/2 + w/(-6). What is the greatest common factor of p and 17?
17
Suppose 3*d - 1 - 11 = 0. Let p be (-5 - (-8)/d) + 7. Suppose 182 = 4*m + 54. Calculate the highest common divisor of m and p.
4
Suppose 5*m - 72 = m. Suppose 5*n - i = 6, 5 = -3*i + 2. Let p(v) = 11*v**2 + 1. Let a be p(n). What is the highest common factor of a and m?
6
Let k(n) = -120*n + 1. Let t be k(-1). Let w = 28 - 17. Calculate the highest common divisor of w and t.
11
Suppose -5*m - 5*v = -70, 0 = -3*m + 2*v + 27 + 5. What is the greatest common factor of 24 and m?
12
Suppose 16 + 69 = 5*n. Suppose 3*d - 44 = -d. Let l = 74 + d. Calculate the highest common divisor of l and n.
17
Let w(x) = x**2 + x. Let d be w(5). Let j be (0 - 5)*(-8 - -5). Let o = -5 + j. Calculate the greatest common factor of d and o.
10
Suppose 0*n = 3*n - 2*j - 32, 5*n - 51 = j. Suppose 1 + 7 = 2*p + 2*y, 4*p = 4*y. What is the greatest common factor of p and n?
2
Suppose -u + 37 = 5*s, u - 19 = -u + s. Calculate the highest common factor of u and 4.
4
Suppose 3*x - 26 = -5*g, -3*g + x + 10 = -2*g. Calculate the highest common factor of 7 and g.
7
Suppose -5*x + 5 = -5. Let r be x + -2 + 1 - 1. Let l be (-12 + 1 - r)*-1. What is the highest common factor of l and 88?
11
Let p be (5 + 2 + -2)/1. Suppose p*l = -s - 0*s - 11, -20 = 5*l. Let o = s - 8. What is the highest common factor of o and 1?
1
Let s(q) = q**3 - 7*q**2 - 7*q - 1. Let y be s(8). Suppose -y = b - 2*b. What is the highest common factor of 1 and b?
1
Let v = -43 + 73. Calculate the greatest common divisor of v and 6.
6
Let q(n) = 9*n + 6. Let m = 26 + -15. Let f be q(m). What is the greatest common divisor of 15 and f?
15
Let t = -6 - -8. Let p(f) = f + f - f - t*f**2 + 31*f**3. Let n be p(1). What is the greatest common factor of n and 45?
15
Let u = -19 + 35. Calculate the highest common factor of u and 16.
16
Let x = 67 + -43. What is the greatest common divisor of 36 and x?
12
Let d(k) = k + k**3 - 4*k**2 + 3*k**3 - 3*k**3 + 3. Let c be d(4). What is the highest common factor of c and 14?
7
Suppose -24 = -5*w + j, w - 2*j - 20 = 2*j. Suppose -5*h - w + 14 = 0. Suppose 2*f - 5*d = 56, -3*d = f - h - 4. What is the highest common divisor of f and 6?
6
Let b(o) be the second derivative of o**3/6 + 2*o. Let s be b(-10). Let v be s/15 - (-130)/6. What is the greatest common factor of v and 7?
7
Let b be (28/(-5))/((-4)/20). Let x be 4/(-10) + 72/5. Calculate the greatest common divisor of x and b.
14
Suppose -44 = h - 5*h. Let u = -172 + 249. What is the greatest common factor of u and h?
11
Suppose 0 = y + w - 0*w, 2 = 5*y + 4*w. Suppose -3*h + h = i - 6, -15 = h - 4*i. What is the highest common divisor of h and y?
1
Let i = 135 - 100. Calculate the greatest common factor of 14 and i.
7
Let u(o) = 4*o**2 - 12*o + 5. Let q be u(8). Calculate the highest common divisor of q and 15.
15
Suppose 3*h + 3*y - 240 = 0, -4*y - 436 = -h - 4*h. Let v be h/18*30/4. What is the greatest common factor of v and 14?
7
Let n = 1269 - 900. What is the greatest common factor of n and 41?
41
Suppose 3*k = 309 + 252. What is the highest common factor of 17 and k?
17
Suppose 6*m = 7*m - 12. Suppose -4*j = -3*b + 70, -20 = -b + 5*j + 18. Calculate the greatest common divisor of b and m.
6
Let v = -16 + 18. Suppose 0 = -u - 2 - v, -278 = -2*g + 3*u. What is the highest common factor of 19 and g?
19
Let l = 6 - 4. Suppose 0 = -2*r - 2*x + 28, -4*r + 0*r - l*x = -46. Let z be (63/6)/((-1)/(-6)). What is the highest common factor of r and z?
9
Let d(j) = -j**3 + 5*j**2 + 5*j - 6. Let p be d(5). What is the highest common factor of p and 152?
19
Suppose -2*a + 570 = -4*a + 4*l, 3*a + 855 = 3*l. Let m = a + 418. Calculate the highest common factor of 19 and m.
19
Let q be -150*(21/(-15) + 1). Let b(o) = -o**3 + 3*o**2 - o - 2. Let j be b(2). Let a be 3 + 1*(j + 21). What is the highest common divisor of a and q?
12
Suppose 47*j = 52*j - 910. Calculate the highest common factor of 14 and j.
14
Let g be (6/(-4))/((-4)/56). Let x(o) = o**2 - o + 1. Let c be x(2). Suppose -c + 38 = 5*u. What is the greatest common divisor of g and u?
7
Let f(h) = h**2 + 4. Suppose 2*b = -2*b - 12. Let d be f(b). What is the greatest common divisor of d and 91?
13
Let k = 112 + -7. Suppose 2*m - k = m. Calculate the highest common divisor of 21 and m.
21
Let j(v) = v**2 - v + 15. Let h = 2 - 2. Let m be j(h). Calculate the greatest common factor of 10 and m.
5
Suppose 3*b - 44 = 2*b. Let u = b - -22. Let i be (1/(-2))/(3/(-36)). Calculate the highest common divisor of u and i.
6
Let r be (-42)/(-5) + (-4)/10. Suppose -w - r = -2*w. Suppose 0 = -5*q + w + 12. What is the highest common factor of q and 2?
2
Suppose -18*s + 288 = -12*s. What is the greatest common factor of 6 and s?
6
Let w(q) = q**2 + q + 131. Let u be w(0). Suppose 0 = -3*j + v + u, 0 = j - v - 2*v - 41. What is the highest common divisor of j and 66?
22
Let k be (1/1)/((-1)/(-5)). Calculate the highest common factor of 10 and k.
5
Let t be (-24)/(-9)*(-3)/(-2). Suppose 13 = t*n - 67. Let z be 7188/72 + (-1)/(-6). Calculate the greatest common factor of n and z.
20
Suppose -2*c - 10 = 2*r, 3*c - 5 + 2 = 0. Let i be (-2 + 32)/((-9)/r). Calculate the greatest common factor of i and 30.
10
Let h be -1*(3 + -5) - -32. What is the greatest common divisor of h and 85?
17
Let w be (-4)/14 - 300/28. Let m = 21 + w. What is the highest common factor of m and 70?
10
Let a(x) = x**2 - 7*x - 13. Let g be a(9). Let r be 1 + 2 + (0 - 2). What is the greatest common divisor of r and g?
1
Let u be 28/1 + 3 + -3. Suppose -5*a + a + 12 = 0. Suppose 0*i + a*i - 225 = 3*g, -130 = -2*i - 2*g. Calculate the greatest common divisor of i and u.
14
Let q be ((-288)/(-28))/((-24)/(-112)). What is the highest common divisor of 6 and q?
6
Let i be (-4 - (1 + -3)) + 6. Suppose -i*t + 1 = -3. Let c(b) = -b + 10. Let u be c(7). Calculate the highest common factor of u and t.
1
Let p = 233 - 153. What is the highest common factor of p and 10?
10
Suppose n = 6*n - 175. Let o be 1*(-2)/(-1)*n. What is the highest common factor of 14 and o?
14
Suppose -4*y + 16 = -24. Let a = 13 - y. Suppose -4*t = -3*o + 2*o - 89, -3*o - 57 = -2*t. What is the highest common divisor of t and a?
3
Suppose -3*r = 5*m - 58 - 25, -3*r + m = -113. Let n = -18 + r. What is the greatest common divisor of 18 and n?
18
Let q = 45 - 12. Calculate the greatest common factor of q and 55.
11
Suppose 0 = -k - k - o + 96, 45 = k + 2*o. Let y(i) = i**2 - 6*i + 7. Let f be y(6). Calculate the highest common factor of k and f.
7
Let w = -9 + 2. Let g be ((-2 - -4) + -3)*w. What is the greatest common factor of g and 7?
7
Let o be 1 - (-118 + 0 + -1). Suppose 55 = 3*j + 10. What is the greatest common factor of o and j?
15
Let f(v) = 3*v**2 - 4*v - 3. Let q be f(-3). Let m = q - 23. What is the highest common factor of m and 26?
13
Let l(h) = 21*h - 12. Let x be l(4). What is the greatest common factor of 24 and x?
24
Let w = 30 - 28. What is the greatest common divisor of w and 5?
1
Let f(q) = 2*q**2 + 14*q + 16. Let n be f(-8). Calculate the greatest common factor of n and 16.
16
Suppose 9*p = 30 + 6. What is the greatest common factor of 4 and p?
4
Suppose -3*x + 21 = -5*t - 0*x, 3*t = 5*x - 19. Let z = t + 102. Let l be 4/(-14) + 158/14. Calculate the highest common divisor of z and l.
11
Let i(w) = 1 + 5*w**2 - 3 - w + 3 - w**3. Let g be i(4). What is the highest common factor of 117 and g?
13
Let p = 37 - 21. Calculate the highest common factor of p and 32.
16
Let c(p) = 7*p - 5. Let b be c(5). Suppose 8*h + 9*h = 255. Calculate the highest common divisor of h and b.
15
Suppose -71 = -a + 215. Suppose -5*i + 364 = -0*i + 4*c, -2*c - a = -4*i. What is the greatest common divisor of 8 and i?
8
Let r(i) = 2*i**2 - 7*i + 9. Let n be r(4). Calculate the highest common factor of n and 13.
13
Let r(c) = c**3 + 8*c**2 - 5*c - 1. Let p be r(-5). Calculate the greatest common divisor of p and 11.
11
Suppose -3*k = 3*r - 42, -r = 5